{"id":27,"date":"2026-03-19T13:47:44","date_gmt":"2026-03-19T13:47:44","guid":{"rendered":"http:\/\/parcours-industrie.fr\/?page_id=27"},"modified":"2026-03-19T17:04:26","modified_gmt":"2026-03-19T17:04:26","slug":"bilan-de-competences","status":"publish","type":"page","link":"https:\/\/parcours-industrie.fr\/?page_id=27","title":{"rendered":"Bilan de comp\u00e9tences"},"content":{"rendered":"\n<div class=\"wp-block-cover is-light\"><img loading=\"lazy\" decoding=\"async\" width=\"1024\" height=\"683\" class=\"wp-block-cover__image-background wp-image-31 size-large\" alt=\"\" src=\"http:\/\/parcours-industrie.fr\/wp-content\/uploads\/2026\/03\/ChatGPT-Image-19-mars-2026-17_48_30-1024x683.png\" data-object-fit=\"cover\" srcset=\"https:\/\/parcours-industrie.fr\/wp-content\/uploads\/2026\/03\/ChatGPT-Image-19-mars-2026-17_48_30-1024x683.png 1024w, https:\/\/parcours-industrie.fr\/wp-content\/uploads\/2026\/03\/ChatGPT-Image-19-mars-2026-17_48_30-300x200.png 300w, https:\/\/parcours-industrie.fr\/wp-content\/uploads\/2026\/03\/ChatGPT-Image-19-mars-2026-17_48_30-768x512.png 768w, https:\/\/parcours-industrie.fr\/wp-content\/uploads\/2026\/03\/ChatGPT-Image-19-mars-2026-17_48_30.png 1536w\" sizes=\"auto, (max-width: 1024px) 100vw, 1024px\" \/><span aria-hidden=\"true\" class=\"wp-block-cover__background has-background-dim\" style=\"background-color:#9c9998\"><\/span><div class=\"wp-block-cover__inner-container is-layout-constrained wp-block-cover-is-layout-constrained\">\n<p class=\"has-text-align-center has-large-font-size\"><\/p>\n<\/div><\/div>\n\n\n\n<div class=\"wp-block-group has-background is-layout-constrained wp-block-group-is-layout-constrained\" style=\"background-color:#f7f7f7\">\n<h2 class=\"wp-block-heading\">Bilan de comp\u00e9tences &amp; reconversion professionnelle<\/h2>\n\n\n\n<p>Vous souhaitez \u00e9voluer, changer de voie ou donner un nouvel \u00e9lan \u00e0 votre carri\u00e8re ?<\/p>\n\n\n\n<p>Nous vous accompagnons dans la construction d\u2019un projet professionnel clair, concret et adapt\u00e9 \u00e0 vos comp\u00e9tences.<\/p>\n\n\n\n<div class=\"wp-block-buttons is-layout-flex wp-block-buttons-is-layout-flex\">\n<div class=\"wp-block-button\"><a class=\"wp-block-button__link wp-element-button\">Prendre rendez-vous<\/a><\/div>\n<\/div>\n<\/div>\n\n\n\n<div class=\"wp-block-group has-background is-layout-constrained wp-block-group-is-layout-constrained\" style=\"background-color:#f7f7f7\">\n<h2 class=\"wp-block-heading\">Pourquoi faire un bilan de comp\u00e9tences ?<\/h2>\n\n\n\n<div class=\"wp-block-columns is-layout-flex wp-container-core-columns-is-layout-28f84493 wp-block-columns-is-layout-flex\">\n<div class=\"wp-block-column is-layout-flow wp-block-column-is-layout-flow\">\n<p>\u2714 Faire le point sur votre parcours professionnel<br>\u2714 Identifier vos comp\u00e9tences et vos points forts<br>\u2714 D\u00e9finir un projet professionnel r\u00e9aliste<\/p>\n<\/div>\n\n\n\n<div class=\"wp-block-column is-layout-flow wp-block-column-is-layout-flow\">\n<p>\u2714 Envisager une reconversion<br>\u2714 Retrouver du sens<br>\u2714 Clarifier vos objectifs<\/p>\n<\/div>\n<\/div>\n\n\n\n<p><br><\/p>\n<\/div>\n\n\n\n<div class=\"wp-block-group has-background is-layout-constrained wp-block-group-is-layout-constrained\" style=\"background-color:#f7f7f7\">\n<h2 class=\"wp-block-heading\">Un accompagnement personnalis\u00e9<\/h2>\n\n\n\n<p>Chaque accompagnement est adapt\u00e9 \u00e0 votre situation.<\/p>\n\n\n\n<p>Nous analysons votre parcours, vos motivations et vos objectifs afin de construire un projet professionnel coh\u00e9rent et r\u00e9alisable.<\/p>\n<\/div>\n\n\n\n<div class=\"wp-block-group has-background is-layout-constrained wp-block-group-is-layout-constrained\" style=\"background-color:#f7f7f7\">\n<h2 class=\"wp-block-heading\">Sp\u00e9cialisation m\u00e9tiers industriels<\/h2>\n\n\n\n<p>Nous vous accompagnons vers les m\u00e9tiers de l\u2019industrie :<br>\u00e9lectricit\u00e9, maintenance, cybers\u00e9curit\u00e9, \u00e9nergie, r\u00e9seaux\u2026<\/p>\n\n\n\n<p>Un secteur dynamique avec de nombreuses opportunit\u00e9s d\u2019emploi.<\/p>\n<\/div>\n\n\n\n<div class=\"wp-block-group has-background is-layout-constrained wp-block-group-is-layout-constrained\" style=\"background-color:#f7f7f7\">\n<div class=\"wp-block-group is-layout-constrained wp-block-group-is-layout-constrained\">\n<h2 class=\"wp-block-heading\">Pour qui ? <\/h2>\n\n\n\n<div class=\"wp-block-columns is-layout-flex wp-container-core-columns-is-layout-28f84493 wp-block-columns-is-layout-flex\">\n<div class=\"wp-block-column is-layout-flow wp-block-column-is-layout-flow\">\n<p>\u2714 Salari\u00e9s<br>\u2714 Demandeurs d\u2019emploi<\/p>\n<\/div>\n\n\n\n<div class=\"wp-block-column is-layout-flow wp-block-column-is-layout-flow\">\n<p>\u2714 Adultes en reconversion<br>\u2714 Personnes en r\u00e9flexion professionnelle<\/p>\n<\/div>\n<\/div>\n<\/div>\n<\/div>\n\n\n\n<p><\/p>\n\n\n\n<div class=\"wp-block-group has-background is-layout-constrained wp-block-group-is-layout-constrained\" style=\"background-color:#f7f7f7\">\n<h2 class=\"wp-block-heading\">Pr\u00eat \u00e0 avancer ?<\/h2>\n\n\n\n<p>Prenez rendez-vous pour \u00e9changer sur votre situation et construire votre projet professionnel.<\/p>\n\n\n\n<div class=\"wp-block-buttons is-layout-flex wp-block-buttons-is-layout-flex\">\n<div class=\"wp-block-button\"><a class=\"wp-block-button__link wp-element-button\">\u00catre rappel\u00e9<\/a><\/div>\n<\/div>\n\n\n\n<p>Finan\u00e7able via CPF (selon conditions)<\/p>\n<\/div>\n","protected":false},"excerpt":{"rendered":"<p>Bilan de comp\u00e9tences &amp; reconversion professionnelle Vous souhaitez \u00e9voluer, changer de voie ou donner un nouvel \u00e9lan \u00e0 votre carri\u00e8re [&hellip;]<\/p>\n","protected":false},"author":1,"featured_media":0,"parent":0,"menu_order":0,"comment_status":"closed","ping_status":"closed","template":"","meta":{"site-sidebar-layout":"default","site-content-layout":"","ast-site-content-layout":"default","site-content-style":"default","site-sidebar-style":"default","ast-global-header-display":"","ast-banner-title-visibility":"","ast-main-header-display":"","ast-hfb-above-header-display":"","ast-hfb-below-header-display":"","ast-hfb-mobile-header-display":"","site-post-title":"","ast-breadcrumbs-content":"","ast-featured-img":"","footer-sml-layout":"","ast-disable-related-posts":"","theme-transparent-header-meta":"","adv-header-id-meta":"","stick-header-meta":"","header-above-stick-meta":"","header-main-stick-meta":"","header-below-stick-meta":"","astra-migrate-meta-layouts":"default","ast-page-background-enabled":"default","ast-page-background-meta":{"desktop":{"background-color":"var(--ast-global-color-5)","background-image":"","background-repeat":"repeat","background-position":"center center","background-size":"auto","background-attachment":"scroll","background-type":"","background-media":"","overlay-type":"","overlay-color":"","overlay-opacity":"","overlay-gradient":""},"tablet":{"background-color":"","background-image":"","background-repeat":"repeat","background-position":"center center","background-size":"auto","background-attachment":"scroll","background-type":"","background-media":"","overlay-type":"","overlay-color":"","overlay-opacity":"","overlay-gradient":""},"mobile":{"background-color":"","background-image":"","background-repeat":"repeat","background-position":"center center","background-size":"auto","background-attachment":"scroll","background-type":"","background-media":"","overlay-type":"","overlay-color":"","overlay-opacity":"","overlay-gradient":""}},"ast-content-background-meta":{"desktop":{"background-color":"var(--ast-global-color-4)","background-image":"","background-repeat":"repeat","background-position":"center center","background-size":"auto","background-attachment":"scroll","background-type":"","background-media":"","overlay-type":"","overlay-color":"","overlay-opacity":"","overlay-gradient":""},"tablet":{"background-color":"var(--ast-global-color-4)","background-image":"","background-repeat":"repeat","background-position":"center center","background-size":"auto","background-attachment":"scroll","background-type":"","background-media":"","overlay-type":"","overlay-color":"","overlay-opacity":"","overlay-gradient":""},"mobile":{"background-color":"var(--ast-global-color-4)","background-image":"","background-repeat":"repeat","background-position":"center center","background-size":"auto","background-attachment":"scroll","background-type":"","background-media":"","overlay-type":"","overlay-color":"","overlay-opacity":"","overlay-gradient":""}},"footnotes":""},"class_list":["post-27","page","type-page","status-publish","hentry"],"_links":{"self":[{"href":"https:\/\/parcours-industrie.fr\/index.php?rest_route=\/wp\/v2\/pages\/27","targetHints":{"allow":["GET"]}}],"collection":[{"href":"https:\/\/parcours-industrie.fr\/index.php?rest_route=\/wp\/v2\/pages"}],"about":[{"href":"https:\/\/parcours-industrie.fr\/index.php?rest_route=\/wp\/v2\/types\/page"}],"author":[{"embeddable":true,"href":"https:\/\/parcours-industrie.fr\/index.php?rest_route=\/wp\/v2\/users\/1"}],"replies":[{"embeddable":true,"href":"https:\/\/parcours-industrie.fr\/index.php?rest_route=%2Fwp%2Fv2%2Fcomments&post=27"}],"version-history":[{"count":5,"href":"https:\/\/parcours-industrie.fr\/index.php?rest_route=\/wp\/v2\/pages\/27\/revisions"}],"predecessor-version":[{"id":35,"href":"https:\/\/parcours-industrie.fr\/index.php?rest_route=\/wp\/v2\/pages\/27\/revisions\/35"}],"wp:attachment":[{"href":"https:\/\/parcours-industrie.fr\/index.php?rest_route=%2Fwp%2Fv2%2Fmedia&parent=27"}],"curies":[{"name":"wp","href":"https:\/\/api.w.org\/{rel}","templated":true}]}}